alse
Is 124 a multiple of 4?
True
Is 155 a factor of 714?
False
Is 11 a factor of 4488?
True
Is 11700 a multiple of 12?
True
Is 34 even?
True
Is 160 a factor of 133201?
False
Does 31 divide 2294?
True
Is 32734 a multiple of 13?
True
Does 7 divide 112?
True
Does 36 divide 14472?
True
Does 24 divide 3000?
True
Is 11 a factor of 550?
True
Does 7 divide 3913?
True
Does 58 divide 522?
True
Is 8 a factor of 7284?
False
Is 268 a multiple of 3?
False
Does 50 divide 773?
False
Does 3 divide 195?
True
Is 28 a factor of 1069?
False
Does 14 divide 861?
False
Is 36082 a multiple of 5?
False
Is 17 a factor of 11628?
True
Is 20 a factor of 5400?
True
Is 49 a factor of 2690?
False
Does 60 divide 953?
False
Is 1056 a multiple of 44?
True
Does 15 divide 2010?
True
Does 24 divide 13997?
False
Is 11 a factor of 2519?
True
Does 6 divide 8993?
False
Is 87 a factor of 8265?
True
Is 5 a factor of 21597?
False
Is 18136 a multiple of 15?
False
Is 13 a factor of 1193?
False
Does 49 divide 98?
True
Is 8723 a multiple of 61?
True
Does 15 divide 1041?
False
Is 19013 a multiple of 155?
False
Does 23 divide 46?
True
Is 792 a multiple of 27?
False
Is 632 a multiple of 11?
False
Is 9 a factor of 9063?
True
Is 175 a multiple of 5?
True
Is 6 a factor of 9?
False
Is 4 a factor of 1260?
True
Is 26 a factor of 2277?
False
Does 18 divide 2394?
True
Does 15 divide 3482?
False
Is 4 a factor of 923?
False
Does 6 divide 12204?
True
Is 150 a factor of 11464?
False
Is 787 a multiple of 6?
False
Is 961 a multiple of 31?
True
Does 5 divide 160?
True
Does 9 divide 11727?
True
Is 28 a factor of 8030?
False
Does 2 divide 100?
True
Is 570 a multiple of 95?
True
Is 81 a factor of 13122?
True
Does 53 divide 2065?
False
Does 18 divide 22605?
False
Does 9 divide 5439?
False
Does 6 divide 96?
True
Is 448 a multiple of 16?
True
Is 1574 a multiple of 2?
True
Is 29 a multiple of 22?
False
Does 200 divide 40200?
True
Is 117 a multiple of 3?
True
Does 25 divide 6455?
False
Is 20 a factor of 259?
False
Does 8 divide 5869?
False
Does 3 divide 22310?
False
Is 10076 a multiple of 14?
False
Is 1032 a multiple of 13?
False
Does 13 divide 93260?
False
Does 52 divide 7212?
False
Is 42 a factor of 6225?
False
Is 6 a factor of 2942?
False
Is 146 a factor of 15953?
False
Is 17600 a multiple of 32?
True
Is 1287 a multiple of 9?
True
Does 11 divide 264?
True
Is 20 a factor of 1396?
False
Is 1432 a multiple of 4?
True
Is 13485 a multiple of 5?
True
Does 76 divide 3800?
True
Does 2 divide 434?
True
Does 4 divide 5?
False
Is 56 a factor of 1400?
True
Is 45 a factor of 145365?
False
Is 1344 a multiple of 14?
True
Does 21 divide 80?
False
Is 1617 a multiple of 33?
True
Is 3 a factor of 57?
True
Does 2 divide 5011?
False
Is 955 a multiple of 24?
False
Is 20 a factor of 14160?
True
Is 5 a factor of 5305?
True
Is 5 a factor of 339?
False
Is 4692 a multiple of 12?
True
Does 28 divide 1839?
False
Is 2380 a multiple of 28?
True
Is 342 a factor of 122122?
False
Does 13 divide 5346?
False
Is 3 a factor of 316?
False
Is 72 a multiple of 12?
True
Is 64 a multiple of 3?
False
Is 120 a multiple of 20?
True
Is 5 a factor of 898?
False
Is 9 a factor of 261?
True
Is 9 a factor of 999?
True
Is 62 a factor of 1674?
True
Does 43 divide 1167?
False
Does 17 divide 20173?
False
Does 13 divide 52?
True
Is 730 a multiple of 5?
True
Is 5 a factor of 562?
False
Is 21667 a multiple of 224?
False
Is 42 a factor of 13358?
False
Is 74 a factor of 14768?
False
Does 470 divide 41941?
False
Is 16 a factor of 2611?
False
Is 22 a factor of 15944?
False
Is 1301 a multiple of 27?
False
Is 1134 a multiple of 63?
True
Is 19 a factor of 1512?
False
Is 1057 a multiple of 79?
False
Is 14 a factor of 944?
False
Is 46 a factor of 20763?
False
Does 46 divide 2633?
False
Is 180 a factor of 10071?
False
Is 50 a factor of 3400?
True
Does 86 divide 49020?
True
Is 191 a multiple of 12?
False
Is 474 a multiple of 35?
False
Does 121 divide 321?
False
Is 25047 a multiple of 253?
True
Does 124 divide 13165?
False
Does 31 divide 17329?
True
Is 11 a factor of 4818?
True
Is 31 a factor of 1060?
False
Does 7 divide 3873?
False
Is 6101 a multiple of 14?
False
Does 19 divide 1539?
True
Is 2 a factor of 1518?
True
Is 4155 a multiple of 8?
False
Does 22 divide 74106?
False
Does 77 divide 16159?
False
Is 4348 a multiple of 17?
False
Does 47 divide 2274?
False
Is 178 a multiple of 107?
False
Is 17 a factor of 527?
True
Is 11530 a multiple of 10?
True
Is 10 a factor of 80?
True
Does 18 divide 28738?
False
Does 29 divide 174?
True
Is 34 a factor of 858?
False
Is 2200 a multiple of 88?
True
Does 9 divide 4828?
False
Is 702 a multiple of 13?
True
Is 13 a factor of 14296?
False
Is 12715 a multiple of 31?
False
Is 14 a factor of 1918?
True
Is 55 a factor of 14063?
False
Is 2507 a multiple of 23?
True
Is 3888 a multiple of 162?
True
Is 10245 a multiple of 15?
True
Does 3 divide 12?
True
Is 30750 a multiple of 125?
True
Is 25 a factor of 12575?
True
Is 100 a factor of 1677?
False
Is 4507 a multiple of 7?
False
Does 7 divide 525?
True
Does 80 divide 728?
False
Does 28 divide 560?
True
Is 43206 a multiple of 38?
True
Does 10 divide 11340?
True
Is 219 a factor of 25185?
True
Is 204 a factor of 9792?
True
Is 4005 a multiple of 45?
True
Does 14 divide 1551?
False
Is 53184 a multiple of 24?
True
Is 87 a factor of 2361?
False
Is 64 a multiple of 6?
False
Is 9 a factor of 137?
False
Is 5920 a multiple of 40?
True
Is 33 a factor of 33924?
True
Does 23 divide 299?
True
Is 20430 a multiple of 12?
False
Is 9 a factor of 443?
False
Does 19 divide 1397?
False
Is 36 a factor of 2196?
True
Is 16693 a multiple of 19?
False
Is 9570 a multiple of 30?
True
Does 2 divide 290?
True
Is 153 a factor of 36251?
False
Is 1258 a multiple of 3?
False
Is 1314 a multiple of 73?
True
Does 5 divide 829?
False
Is 8 a factor of 336?
True
Does 88 divide 7832?
True
Is 180 a multiple of 36?
True
Is 10879 a multiple of 11?
True
Is 30 a factor of 678?
False
Is 65 a factor of 34970?
True
Is 16200 a multiple of 50?
True
Is 6 a factor of 2208?
True
Is 2046 a multiple of 30?
False
Is 784 a multiple of 16?
True
Is 39 a factor of 25779?
True
Does 40 divide 360?
True
Does 30 divide 14982?
False
Is 238 a multiple of 32?
False
Is 16 a factor of 704?
True
Does 51 divide 969?
True
Does 54 divide 1632?
False
Does 9 divide 18351?
True
Is 2 a factor of 185?
False
Does 54 divide 4698?
True
Is 22 a factor of 330?
True
Is 47808 a multiple of 24?
True
Does 25 divide 15484?
False
Is 3135 a multiple of 19?
True
Is 3 a factor of 1487?
False
Does 66 divide 2574?
True
Is 40 a factor of 1840?
True
Is 19 a factor of 6455?
False
Does 6 divide 18?
True
Is 23580 a multiple of 262?
True
Is 65573 a multiple of 176?
False
Is 80 a factor of 27905?
False
Is 27 a factor of 10611?
True
Is 14371 a multiple of 191?
False
Does 36 divide 4176?
True
Is 8023 a multiple of 71?
True
Does 12 divide 1944?
True
Is 19062 a multiple of 57?
False
Does 113 divide 226?
True
Does 125 divide 10500?
True
Is 4 a factor of 20?
True
Is 25974 a multiple of 13?
True
Does 6 divide 222?
True
Is 432 a multiple of 12?
True
Is 7153 a multiple of 20?
False
Is 2800 a multiple of 50?
True
Is 82764 a multiple of 44?
True
Is 35 a factor of 1512?
False
Is 84 a factor of 8484?
True
Is 8 a factor of 3696?
True
Does 7 divide 4242?
True
Is 19 a factor of 559?
False
Is 71 a factor of 1296?
False
Does 3 divide 185?
False
Is 3129 a multiple of 21?
True
Is 45227 a multiple of 85?
False
Does 61 divide 3774?
False
Is 14 a factor of 1484?
True
Does 6 divide 362?
False
Is 37 a factor of 1850?
True
Does 2 divide 3?
False
Does 184 divide 63112?
True
Does 4 divide 885?
False
Does 39 divide 3287?
False
Does 20 divide 33?
False
Is 9975 a multiple of 21?
True
Is 13642 a multiple of 56?
False
Is 486 a multiple of 125?
False
Is 2 a factor of 27?
False
Is 1265 a multiple of 55?
True
Is 40365 a multiple of 117?
True
Does 36 divide 629?
False
Does 13 divide 1122?
False
Does 6 divide 900?
True
Is 1147 a multiple of 31?
True
Is 32 a factor of 2621?
False
Does 21 divide 2856?
True
Is 86 a factor of 2895?
False
Does 11 divide 32475?
False
Is 31 a factor of 2300?
False
Does 14 divide 2191?
False
Is 5402 a multiple of 146?
True
Is 770 a multiple of 22?
True
Does 18 divide 12783?
False
Is 10549 a multiple of 13?
False
Is 91